ate 2 + (6 - (4 + 5 - 5)).
4
What is 111 - 103 - (0 + 1)?
7
-1 - (8 + 1) - -9
-1
What is 3 + (7 - (5 + 3))?
2
(19 - 20) + (13 - 2)
10
Evaluate -2 - (-10 + 5 - -7).
-4
What is the value of (-5 - -1) + 8 + -2?
2
-12 + 8 - (-5 - 0)
1
What is the value of 8 + -8 + 2 + (1 - -2)?
5
Calculate (-4 - 1 - (36 + -42)) + 5.
6
Evaluate (-11 - -14) + (3 - 2).
4
-2 + (0 - 6 - -10)
2
What is 51 + -47 - (3 - 0)?
1
-6 + (25 - 13) + -1 + -4
1
What is (2 - 1) + 1 + 0 - 4?
-2
What is -11 + -5 + 0 + 12?
-4
Evaluate (0 - -1) + 33 + -29.
5
Evaluate 1 + (2 - ((0 - 0) + -1)).
4
7 - (-2 + 4) - (-5 - -13)
-3
Calculate -1 - -2 - (3 - 0) - 0.
-2
What is the value of -2 + (2 + -2 + -9 - -6)?
-5
What is the value of (-3 + 2 - (44 - 38)) + -2?
-9
What is the value of 0 + -6 - (5 + -7)?
-4
Calculate (-3 - -7) + -2 - 5 - 2.
-5
What is the value of -7 + 13 + (-5 - -4)?
5
1 + 1 + 4 - (-9 + 11)
4
Evaluate 5 - (1 + 0) - -1.
5
6 + 2 + (-2 - -5) + -8
3
Calculate (-3 - 1) + (1 - 1).
-4
What is the value of (-1 - (-6 - -2)) + -6?
-3
Evaluate 2 - (-1 - 0 - (-16 - -17)).
4
Evaluate -1 + 9 + (-2 - 9).
-3
Calculate -1 + 0 - (7 + -3).
-5
2 + 1 + -3 + 5
5
What is the value of 0 - (8 - 9 - 6)?
7
What is the value of 3 + -5 + (-1 - -1)?
-2
What is 0 + (0 - -3) - (4 + -6)?
5
Calculate -1 + (0 - (3 - (-1 + -1))).
-6
What is the value of (3 + -4 - -2) + -3 + -2?
-4
Calculate 0 + (-2 - -6) + (5 - 14).
-5
What is -1 + -1 - -1 - (-7 + 4)?
2
What is (10 - (12 - 3)) + 0 + 0?
1
7 + (7 + -4 - 4)
6
0 + 0 + (-6 - -13)
7
1 - 1 - (-11 - -13)
-2
Calculate 0 - (-5 - -2 - -6).
-3
Evaluate 7 + -1 + 0 - (47 - 46).
5
Evaluate (-1 - -2) + (1 - 4).
-2
What is the value of -7 - (3 - 7 - -3)?
-6
Calculate -9 + -2 - -5 - (7 + -17).
4
Calculate 29 + -25 - (1 + 0).
3
What is the value of -6 + 7 + 2 - (1 + 0)?
2
6 + (-2 - (-6 - -5))
5
What is 17 + -19 - ((2 - 4) + 2)?
-2
What is the value of -4 - (-20 - -12 - 5)?
9
-2 + 0 - (7 - 5)
-4
Evaluate 8 + (10 + -22 - 1).
-5
Calculate 4 - (3 - (-5 + 1 + 5)).
2
What is -1 - (4 + -7 + 0)?
2
10 + (-23 - -14 - 3)
-2
Evaluate (-5 - -7 - 3) + 1 + 4.
4
Evaluate (-1 - -3 - -1) + -1 + -5.
-3
Evaluate (16 + -3 - 7) + -10.
-4
What is (-4 - -1) + (-52 - -65)?
10
7 + 2 + (-2 - 3) + -10
-6
What is the value of 2 - -1 - -1 - 4?
0
What is -1 - (-1 - 2) - 4?
-2
What is -6 - -11 - 1 - 0?
4
1 + -2 - (11 + -6 + -11)
5
Evaluate (-4 - -1) + -4 + 5.
-2
Evaluate -1 + (-14 - (10 - 20)).
-5
What is the value of -4 + (0 - 0 - -4)?
0
Calculate -4 - -6 - -10 - 10.
2
Evaluate (-16 - (-14 - 5)) + (2 - 1).
4
What is -3 + -2 + (2 - -8)?
5
Evaluate (1 - -1) + -1 + 2.
3
What is -2 - -5 - -1 - 0?
4
-8 + (3 - (3 + 1) - -5)
-4
1 - 4 - (-8 + (-2 - -8))
-1
Calculate 7 + -2 + -4 + -4.
-3
5 - (1 + 1 - -1)
2
Evaluate 4 + 4 - (12 + 0 + 2).
-6
Calculate -5 + -2 - 5 - -8.
-4
Calculate 11 + -7 + -7 - (-9 - -12).
-6
What is 8 + -11 - -16 - 12?
1
-33 + 20 - (-3 - 10)
0
Evaluate -5 + (-4 - -3) - (1 - 7).
0
Evaluate 2 + -9 - -9 - (-4 - -3).
3
What is the value of -11 + (0 - (-5 - -1))?
-7
Calculate 1 - (-7 + (-1 - -4) + 4).
1
Evaluate 2 - 2 - (1 - -2).
-3
Evaluate -3 + (1 + -1 - (-1 - 1)).
-1
Evaluate (2 + (0 - 0) - -1) + -4.
-1
What is the value of -5 + -6 + 4 - -7?
0
What is the value of 3 + -4 - (6 + -11)?
4
-1 - 11 - (-135 + 121)
2
Evaluate (10 + -1 - (-7 + 12)) + -2.
2
Calculate (0 - -7) + -14 + 19 + -3.
9
Evaluate -3 - (3 + 1) - (1 - 4).
-4
Calculate (4 - (3 - -1)) + (4 - 0).
4
What is 6 - 7 - -5 - -3 - 4?
3
What is the value of -7 + 0 + (4 - 4)?
-7
(-8 + -1 - -8) + 2 + 1
2
1 - ((-6 - 1) + (-33 - -38))
3
(-4 - -6) + -8 + 6
0
What is the value of 0 + 0 - (-5 - (-4 - -2))?
3
What is the value of 0 + -5 - (10 + (2 - 14))?
-3
Evaluate -4 + 1 - (-1 + 0 + 3).
-5
Calculate 0 + 2 + -5 + 2 + -2.
-3
What is -7 + -2 + 1 - -4?
-4
What is 0 - ((-1 - -1) + -5)?
5
Evaluate -6 + -1 + 10 - -2.
5
What is (7 - 3) + -5 + 6?
5
Calculate -1 - ((-5 - 5) + (-1 - -7)).
3
Calculate 5 + (-1 + 3 - 11 - -4).
0
(-1 - (-3 - -4)) + 3 + 1
2
0 + 10 + -25 + 19
4
-159 - -150 - ((-1 - -2) + -8)
-2
What is the value of -6 + (3 - 4) + 2?
-5
Calculate -2 + -2 + 2 + -1 - -5.
2
What is the value of 3 + 3 - (8 + (-8 - -2))?
4
Calculate 1 + -1 + 10 + (-8 - -1).
3
What is the value of (76 - 74) + -1 + 2 + -6?
-3
What is the value of -1 - -1 - (-23 + (-1 - -13))?
11
Calculate 5 - (0 + 3) - -2.
4
Calculate -4 - (3 + -9) - -4.
6
-2 + -1 + (-7 - -4 - -1)
-5
Evaluate (6 - (-2 - -2)) + -2 + -2.
2
What is (-1 + 1 - 3) + 10?
7
What is 3 + (3 + 4 + -8 - -1)?
3
(-7 - (0 + 2)) + 4
-5
What is -1 - -1 - (-1 - (-7 + 3))?
-3
-7 - -2 - (-5 - (-9 - -4))
-5
Evaluate -11 - (6 + -1 + -12).
-4
What is the value of (77 - 67) + (-2 - 7)?
1
Calculate (2 - 1 - 1) + (-17 - -16).
-1
2 + ((0 - -1) + -1 - 1)
1
What is 0 + -1 + 3 - (0 - 0)?
2
Calculate 0 + 3 + (15 - 12).
6
What is the value of 2 - 5 - (-4 - -2)?
-1
Evaluate 5 + (-2 + -3 - (-6 + 2)).
4
(-4 - (-3 - 4)) + 2 + -1
4
Evaluate 6 + -7 + (-1 - (-3 + -2)).
3
What is 4 - (4 + -3) - (6 - 5)?
2
Evaluate 9 + (5 - -3 - 13).
4
(2 - (3 - 2)) + -3 - -2
0
Calculate 5 - (6 - (-2 + 0)).
-3
What is 19 + (-22 - -12) + -5?
4
0 + -1 + 5 - 3
1
What is -4 + 3 - -7 - 10?
-4
Evaluate -4 - (9 + -2 - 10).
-1
What is the value of (12 + -22 - -11) + -5?
-4
Calculate 5 - (0 + -5 + 9).
1
Calculate (-5 - -4) + 7 + (-8 - -4).
2
What is 2 - ((6 - -3) + -1)?
-6
Calculate -1 + 0 + (1 + -6 - -2).
-4
Calculate 6 - (-4 - -14) - -6.
2
Evaluate -4 + 3 + (-1 - 1).
-3
Calculate (10 - 10) + -3 + 2 + -1.
-2
Calculate (-15 - (-13 + -10)) + -7.
1
Calculate (-12 - (1 - 4)) + 7.
-2
(0 + 2 - (12 - 6)) + -2
-6
What is the value of (7 + -3 - 0) + -1 + -2?
1
Evaluate -6 + (6 - (4 + 1)).
-5
Evaluate -73 + 75 + 1 + -4 + 0.
-1
Evaluate -1 - 1 - (0 - 4).
2
Evaluate 6 + 5 + -2 + -8.
1
What is 4 - (-5 - 3 - -4) - 5?
3
-12 + (-5 - 6 - -16)
-7
Evaluate 1 - (-5 + 4 - 2 - 0).
4
What is the value of 4 + (9 - 12 - (4 - 1))?
-2
39 - 42 - (2 + -2)
-3
What is 5 - (-21 + 22 + 2 + 1)?
1
What is 0 + -1 + (2 - 4) + 1?
-2
(1 - (2 - 1)) + 2 + 2
4
-4 + -2 + (7 - 4) - -6
3
Evaluate 0 + 5 + 1 - (-9 + 17).
-2
What is (-6 - 1) + (-6 - -19)?
6
Calculate (3 - (8 + -1)) + (28 - 22).
2
0 - (5 - (5 - -1))
1
What is the value of (7 - (-2 - -20)) + 5?
-6
What is the value of -3 + (0 - -1) + (-2 - 1)?
-5
What is the value of -5 + (-4 - -7) - 1 - 2?
-5
Evaluate -10 + 12 - (-2 + 2).
2
(1 - 7) + 10 + 0
4
Calculate 7 + -13 - (0 + -1).
-5
Evaluate 5 - (24 + -8) - -8.
-3
What is -1 - (1 - (2 + 3)) - 5?
-2
Evaluate -11 - (-1 - -4 - 6).
-8
Evaluate (-1 - -5) + (15 - 25).
-6
(-5 - -1) + (-2 - -13)
7
Evaluate 3 + (2 + -1 - -3).
7
Evaluate -7 + (-2 - -3 - 3) - -2.
-7
2 - ((1 - -5) + -3)
-1
What is 7 + (-21 - -9) + 4?
-1
Calculate -17 + 13 + 6 + -1.
1
What is the value of -1 + 9 + -1 - 2?
5
What is the value of 1 + -5 - -4 - 3?
-3
What is the value of -13 + -1 + 9 - -2?
-3
What is 0 + (2 - 3) + 17 + -9?
7
Calculate -6 + -2 + 7 + -2 - -3.
0
Calculate -1 - 1 - (77 + -85).
6
-2 + 3 + (1 - -6)
8
Calculate -1 + 6 + -3 + 1.
3
Evaluate -8 + 3 - (-2 - 6).
3
Evaluate (2 - 7 - 0) + 1.
-4
What is the value of 0 - 1 - -16 - (-15 + 21)?
9
Calculate 0 + 0 + 3 + 1.
4
Calculate -5 - (-10 + 0 + 3).
2
Evaluate -27 - -23 - (2 + -1).
-5
Calculate (2 - -3) + 2 + -7 - -3.
3
What is -4 + 2 + 1 + 0 + 2?
1
Evaluate 5 + 4 - 9 - 3.
-3
What is the value of -6 - (-9 - (4 - 7))?
0
What is the value of 3 + -5 + 3 - (-1 + -3)?
5
(-6 - -8 - 9) + 5
-2
(-1 - -7) + 0 + -6
0
Evaluate (-3 - 1) + -3 - -12.
5
What is -2 + 0 + (1 - 0) + 3?
2
What is 11 - (13 - -6 - 0)?
-8
178 + -195 + 9 + 1
-7
What is the value of 2 + -4 + (6 - 5)?
-1
What is the value of 2 - (1 - 2 - 2)?
5
-4 - (6 + (-2 - 4))
-4
What is 6 + (-6 + 14 - 8)?
6
7 + (4 - (6 + 1 + 0))
4
3 + (-8 - (-8 + 4)) - 1
-2
What is (13 - 0) + -7 - 6?
0
What is 1 + -1 + -14 - -25?
11
Calculate 3 + 0 + -8 + 0.
-5
What is 5 + (-2 + -1 + 5 - 14)?
-7
What is the value of -1 + -1 + 2 - (2 + 1)?
-3
What is the value of -4 + 1 + 2 + -1?
-2
-13 - ((-6 - -16) + -25)
2
What is (12 - (-6 + 14)) + -3?
1
What is the value of -6 - (3 + -7) - (-8 + 5)?
1
-7 + -2 + 9 + -3 - 0
-3
Calculate -6 + 7 + 1 + 11 + -6.
7
What is the value of (-8 - (-9 + 0)) + 4?
5
Evaluate 5 + (-2 - 0) + 8 + -9.
2
Calculate -1 + ((-6 - -5) + 6 - -2).
6
Calculate (-6 - -3) + -7 + 3 + 4.
-3
Evaluate -1 + 1 + (1 + 1 - 3).
-1
What is the value of (4 - -2) + (-16